 14831581
What are the prime factors of 310949987?
487, 638501
What are the prime factors of 727047154?
2, 31, 11726567
What are the prime factors of 4562895120?
2, 3, 5, 7, 43, 83, 761
What are the prime factors of 825518098?
2, 412759049
List the prime factors of 27922510.
2, 5, 7, 11, 36263
What are the prime factors of 327385457?
7, 373, 125387
What are the prime factors of 3349179986?
2, 37, 353, 128213
List the prime factors of 15076721.
11, 124601
List the prime factors of 1690631314.
2, 31, 313, 87119
List the prime factors of 1045162771.
17, 563, 109201
List the prime factors of 47306896.
2, 7, 13, 32491
List the prime factors of 829456288.
2, 151, 171659
What are the prime factors of 32873630?
2, 5, 359, 9157
List the prime factors of 89021058.
2, 3, 7, 199, 10651
What are the prime factors of 697452620?
2, 5, 34872631
What are the prime factors of 10733622?
2, 3, 1788937
List the prime factors of 2856010925.
5, 127, 899531
List the prime factors of 2793179377.
239, 11686943
List the prime factors of 166753486.
2, 67, 1244429
What are the prime factors of 1039723695?
3, 5, 2567219
What are the prime factors of 4859813314?
2, 2429906657
List the prime factors of 310252050.
2, 3, 5, 599, 1151
List the prime factors of 30750052.
2, 67, 179, 641
What are the prime factors of 932854140?
2, 3, 5, 41, 3083
What are the prime factors of 86148770?
2, 5, 227, 37951
What are the prime factors of 258746474?
2, 7, 18481891
What are the prime factors of 2025144418?
2, 11, 461, 199679
List the prime factors of 1369517905.
5, 7, 151, 37019
What are the prime factors of 127376101?
1063, 119827
What are the prime factors of 102032828?
2, 37, 689411
What are the prime factors of 133725347?
7, 523, 36527
List the prime factors of 24629824.
2, 384841
List the prime factors of 22635119.
13, 1741163
List the prime factors of 2793769941.
3, 31, 157, 191341
What are the prime factors of 81463348?
2, 20365837
What are the prime factors of 1118961905?
5, 223792381
List the prime factors of 254262216.
2, 3, 13, 814943
List the prime factors of 73176524.
2, 19, 23, 41863
List the prime factors of 272551886.
2, 23, 5925041
List the prime factors of 475877595.
3, 5, 83, 382231
What are the prime factors of 1666868449?
1666868449
What are the prime factors of 106437818?
2, 31, 503, 3413
List the prime factors of 26159145.
3, 5, 67, 26029
List the prime factors of 352290259.
157, 2243887
List the prime factors of 67823703.
3, 461, 5449
What are the prime factors of 18409963?
11, 13, 17, 7573
What are the prime factors of 25719874?
2, 41, 83, 3779
List the prime factors of 3729222284.
2, 191, 227, 21503
What are the prime factors of 1385230217?
7, 2683, 73757
List the prime factors of 17937892.
2, 7, 29, 22091
List the prime factors of 29023193.
29023193
List the prime factors of 734591810.
2, 5, 31, 2369651
List the prime factors of 1526142057.
3, 11, 41, 1127969
What are the prime factors of 552748662?
2, 3, 31, 990589
List the prime factors of 116015186.
2, 7, 2549, 3251
What are the prime factors of 540391345?
5, 13, 947, 8779
What are the prime factors of 56283870?
2, 3, 5, 1876129
List the prime factors of 78489333.
3, 13, 670849
List the prime factors of 48515456.
2, 11, 34457
List the prime factors of 44651256.
2, 3, 13, 143113
List the prime factors of 619637112.
2, 3, 23, 374177
What are the prime factors of 147434172?
2, 3, 12286181
What are the prime factors of 4827109?
7, 689587
List the prime factors of 143047098.
2, 3, 7947061
List the prime factors of 73227376.
2, 107, 42773
What are the prime factors of 1692762485?
5, 338552497
What are the prime factors of 126663931?
126663931
List the prime factors of 49596885.
3, 5, 13, 149, 569
List the prime factors of 33165183.
3, 29, 381209
What are the prime factors of 1584371291?
823, 1925117
List the prime factors of 362273643.
3, 1747, 23041
What are the prime factors of 1245670909?
7, 177952987
List the prime factors of 953486148.
2, 3, 349, 227671
What are the prime factors of 141813974?
2, 70906987
List the prime factors of 1153489253.
7, 17, 1384741
What are the prime factors of 179413910?
2, 5, 13, 571, 2417
List the prime factors of 2170198757.
41, 6089, 8693
What are the prime factors of 7281118858?
2, 13, 19, 823, 17909
What are the prime factors of 792586595?
5, 158517319
What are the prime factors of 35440127?
43, 824189
What are the prime factors of 7098187476?
2, 3, 21487, 27529
What are the prime factors of 20906717?
13, 1608209
List the prime factors of 276233112.
2, 3, 1278857
What are the prime factors of 100653863?
5107, 19709
What are the prime factors of 29192565?
3, 5, 1946171
List the prime factors of 128858296.
2, 7, 2301041
What are the prime factors of 244890324?
2, 3, 7, 227, 1427
List the prime factors of 11950981.
7, 19, 59, 1523
List the prime factors of 19566948.
2, 3, 67, 24337
What are the prime factors of 1443985371?
3, 29, 47, 53, 2221
List the prime factors of 599713469.
73, 8215253
List the prime factors of 4997778.
2, 3, 832963
What are the prime factors of 45141051?
3, 1553, 9689
List the prime factors of 3619432969.
239, 15144071
List the prime factors of 38837439.
3, 131, 32941
List the prime factors of 72119724.
2, 3, 6009977
List the prime factors of 86746116.
2, 3, 229, 31567
What are the prime factors of 99913826?
2, 137, 353, 1033
List the prime factors of 1004314425.
3, 5, 13390859
List the prime factors of 625145979.
3, 67, 3110179
What are the prime factors of 13531544?
2, 13, 23, 5657
What are the prime factors of 175456980?
2, 3, 5, 974761
List the prime factors of 55929715.
5, 97, 115319
What are the prime factors of 1010865638?
2, 1759, 287341
List the prime factors of 19883395.
5, 7, 568097
What are the prime factors of 1106520002?
2, 7, 37, 2136139
What are the prime factors of 3211979077?
79, 239, 311, 547
List the prime factors of 124675127.
17, 7333831
What are the prime factors of 5438041989?
3, 1812680663
What are the prime factors of 125872085?
5, 53, 349, 1361
What are the prime factors of 6379912?
2, 7, 11, 10357
List the prime factors of 142948139.
142948139
List the prime factors of 211963376.
2, 13247711
What are the prime factors of 2192763301?
37, 277, 213949
List the prime factors of 1704600040.
2, 5, 11, 13, 233, 1279
List the prime factors of 62211875.
5, 11, 9049
List the prime factors of 510013220.
2, 5, 25500661
What are the prime factors of 33216411?
3, 1733, 6389
List the prime factors of 48997986.
2, 3, 8166331
List the prime factors of 103570771.
23, 4503077
List the prime factors of 190240313.
383, 496711
What are the prime factors of 13550664?
2, 3, 41, 47, 293
List the prime factors of 7159745132.
2, 1789936283
What are the prime factors of 38303213?
13, 59, 49939
List the prime factors of 153102798.
2, 3, 19, 49741
What are the prime factors of 2971908375?
3, 5, 83, 95483
What are the prime factors of 516211395?
3, 5, 7, 131, 37529
What are the prime factors of 154905245?
5, 11, 2816459
List the prime factors of 218072382.
2, 3, 11, 71, 173, 269
What are the prime factors of 4176640?
2, 5, 13, 251
List the prime factors of 1298503150.
2, 5, 7, 3710009
List the prime factors of 1174535979.
3, 41, 647, 14759
What are the prime factors of 939382565?
5, 11, 17079683
What are the prime factors of 531122295?
3, 5, 11, 19, 191, 887
What are the prime factors of 50684191?
17, 19, 37, 4241
What are the prime factors of 1745393204?
2, 436348301
List the prime factors of 933372571.
933372571
What are the prime factors of 5586239363?
18973, 294431
What are the prime factors of 946091471?
13, 3533, 20599
List the prime factors of 239207907.
3, 79735969
What are the prime factors of 2615573617?
2615573617
List the prime factors of 266056466.
2, 13, 113, 137, 661
List the prime factors of 180498620.
2, 5, 9024931
List the prime factors of 7758026228.
2, 17, 114088621
What are the prime factors of 79416950?
2, 5, 59, 26921
List the prime factors of 623992070.
2, 5, 13, 23, 181, 1153
List the prime factors of 57424280.
2, 5, 1435607
List the prime factors of 65495467.
23, 31, 97, 947
List the prime factors of 7146809629.
37, 541, 557, 641
List the prime factors of 678712730.
2, 5, 1277, 53149
List the prime factors of 1327657261.
7, 53, 35